+ -22. Suppose -c*i = -71 - 99. What is the units digit of i?
4
Let t be -1 + -3 - 169088/(-32). What is the tens digit of t/36*-6*2/(-10)?
7
Let a = 444 + -380. What is the units digit of a?
4
Let j(u) be the second derivative of 2/3*u**4 - 2/3*u**3 - 6*u + 3/2*u**2 + 0. What is the units digit of j(2)?
7
Suppose 5*m = -0*d - d + 39, 0 = -4*d + 4*m + 84. Suppose h + d = -8. Let x = 66 + h. What is the units digit of x?
4
Suppose 6*c - 25 = c. Suppose -2*k + 2 = -4*k - 2*w, 0 = -c*k + 5*w + 35. Suppose -26 = -b - 2*u, 4*b + 7*u - 104 = k*u. What is the tens digit of b?
2
Let l = 10 - 8. Let y = -416 - -814. Suppose -5*n = -2*k - y, l*n + 4*k - 133 - 31 = 0. What is the units digit of n?
0
Let h(b) = 2*b**2 - 4*b + 2. Let n be h(2). Let o(d) = 0*d**3 - 206*d + 205*d + 5*d**3. What is the units digit of o(n)?
8
Suppose 69*a - 55*a - 58828 = 0. What is the tens digit of a?
0
Suppose 0 = -5*q + 5*r, -5*q - 8 + 0 = -3*r. What is the units digit of q/(8/582)*-1?
1
Let i(v) = -14*v**3 - 6*v**2 - 14*v - 41. Let n(z) = 9*z**3 + 4*z**2 + 9*z + 27. Let l(b) = 5*i(b) + 8*n(b). What is the tens digit of l(3)?
8
Let a(n) = -n**2 - 3*n + 10. Let h be a(2). Suppose 6*y - 3*y - 150 = h. What is the units digit of y?
0
Let f(b) = -6*b - 6. Let s be f(-7). Suppose 2*h - 3*h = -s. Suppose 4*z = 5*z - h. What is the tens digit of z?
3
Suppose -5*h + 5815 = -3*o, 0 = -4*h - o + 7269 - 2634. What is the hundreds digit of h?
1
Let z(b) = b**2 - 6*b + 1. Let k(d) = d**2 - 5*d + 2. Let u(y) = 2*k(y) - 3*z(y). Let x(o) be the first derivative of u(o). What is the tens digit of x(-7)?
2
Let d(i) be the third derivative of -i**6/120 - 7*i**5/60 - i**4/6 + i**3/6 + 5*i**2. What is the units digit of d(-7)?
9
Suppose -27*t + 30*t = h - 1485, -4*t = -5*h + 7469. What is the thousands digit of h?
1
Let k(z) = z**2 + 5*z - 9. Let s be k(-10). Suppose -11*t = -12*t + s. What is the tens digit of t?
4
Let d(t) = -14*t + 46. Let w(q) = 7*q - 23. Let x(j) = 6*d(j) + 11*w(j). What is the units digit of x(-8)?
9
Suppose -2*k = -5*k + 9. Suppose 3*s = k*r - 228, -4*r + 117 + 187 = -3*s. What is the units digit of r?
6
Suppose -4*o + 2*c - 4*c = -14, 3*o - 3*c = 24. Suppose 5*l = -o, -4*i + 2*l = -3*i - 1. What is the tens digit of -18 + 15 + 32 + i?
2
Let q be (3 + 2 - 0) + -1. Let c be 6/(-4) + 22/q. Suppose -c*s + 1 = -31. What is the units digit of s?
8
Let b be ((-608)/20)/(1/(-5)). Suppose 0 = 2*t - b + 36. What is the units digit of t?
8
What is the hundreds digit of (-3)/15 + 15708/15 + -5?
0
Suppose 7*m - 2469 - 1444 = 0. What is the tens digit of m?
5
Suppose -o = 48 - 0. Suppose 13*x - 4 = 9*x. Let u = x - o. What is the tens digit of u?
4
Suppose q + i = 11, 2*i + 4 = 2*q - 14. Let f be (-216)/q + 15/25. Let k = 26 + f. What is the units digit of k?
5
Let c be -29 - (-3 - (-3 - 1)). What is the tens digit of (-11)/(-2 - 55/c)?
6
Let q(m) = 24*m**3 - 5*m + 11. What is the hundreds digit of q(2)?
1
Let m = -242 + 462. Let t = -139 + m. What is the tens digit of t?
8
What is the tens digit of ((-103)/4)/(((-253)/(-88))/(-23))?
0
Suppose 5*v - 133 = -4*n, 5*v - 10 = -5. What is the tens digit of (3720/n)/1 - (-2)/(-8)?
1
Suppose -4*a + a + 6 = 0. Suppose -7*o = -a*o - 10. Suppose 0 = o*p + 10, 2*p + 19 = 2*w - w. What is the units digit of w?
9
Let q(y) = y**3 + 29*y**2 - 32*y + 88. What is the hundreds digit of q(-21)?
2
Suppose 0 = 4*a - 4*y - 4, 4*a + y = -3*y - 12. Let c(h) = -10*h + 1. What is the tens digit of c(a)?
1
Suppose -4*x - 36 = 3*c, 3*c - x + 12 = 3*x. Let d = 15 + c. What is the units digit of d?
7
Let d(i) = i**2 - 8*i - 1. Let w be d(7). Let m = w - -8. What is the units digit of (-2 - 0 - -22) + m?
0
Suppose -2*u - 4*s + 916 = 0, -u = s - 2*s - 461. What is the tens digit of u?
6
Let w(o) be the first derivative of 10*o**3/3 - 2*o - 1. Let c be (-2)/(-4) - 15/6. What is the tens digit of w(c)?
3
Let j(m) = 1. Let i(d) = d**3 - 5*d**2 - 3*d + 7. Let q(h) = i(h) - 4*j(h). Suppose -3*p + 2*g - 14 = -6*p, 4*p + 5*g - 14 = 0. What is the units digit of q(p)?
1
Let s(v) = 5*v**3 + v**2 + 11*v + 7. What is the hundreds digit of s(4)?
3
Let u(j) = -j**2 + 2*j + 2. Let i be u(3). Let t be (-12)/(-36) + i/3. Suppose -222 = -6*y + 3*y + 3*d, t = -2*y - 4*d + 148. What is the units digit of y?
4
Let q be -2*(273/(-14))/(-13). Let r be 8/(0 + 2/2). Let l = r + q. What is the units digit of l?
5
Let t = -19 - -13. Let k = t + 144. What is the hundreds digit of k?
1
Let p(s) = 242*s**2 - 6*s - 64. What is the tens digit of p(4)?
8
Suppose -3*b = -3*a - 83 + 1502, b - 3*a + 463 = 0. Let d = b + 751. What is the hundreds digit of d?
2
Let x(d) = d**2 - 7*d - 6. Let s be x(8). Let h be (-972)/(-8) - 1/s. Suppose -29 = 4*p - h. What is the tens digit of p?
2
Suppose -5 = 5*f, -606 = -2*o + 4*f - 28. What is the hundreds digit of o?
2
Let d be 2*(21/6)/7. Suppose -4*y + p + 17 = 0, -4*p = -y + d - 8. Suppose y*j - 133 = -2*f, -j - 4*j = -5*f - 140. What is the units digit of j?
7
Let s(j) = 14*j. Let i be s(5). Let o = 116 - i. What is the units digit of o?
6
Let u = -4 - -9. Let x(t) = t**3 - 6*t**2 + t - 8. Let i be x(u). What is the units digit of 8/i - 282/(-7)?
0
Let z(w) be the second derivative of w**5/10 + w**4/3 - w**3/3 + 2*w**2 - 7*w. What is the tens digit of z(3)?
8
Suppose 0 = -4*k - k + 5. Let x = -144 + 147. Suppose 0 = 2*j + x*g - 117, -g - k = -6. What is the tens digit of j?
5
Suppose -38207 = -6*p - 15605. What is the hundreds digit of p?
7
Let r(z) = 15*z**3 - 3*z**2 + z - 12. What is the units digit of r(3)?
9
Let k(g) = g**3 - 14*g**2 - 13*g - 1. Let z be k(15). Let f = z - -16. Suppose 2*i = 7*i - l - 129, i = 5*l + f. What is the units digit of i?
5
Let y(x) = -3*x - 1. Let v be y(-1). Let u = 9 + v. Suppose -r + a + 5 = 0, 2*a = -3*r - u + 41. What is the units digit of r?
8
What is the units digit of 12/(-2) - (21 - 244)?
7
Suppose -31 = 2*g - 3*m + 4*m, 4*m - 92 = 4*g. What is the tens digit of 32 + (g - -2)/4?
2
Suppose -4*g + 12 = 4*q, 3*q + g + 0 = 15. Suppose 11*p = q*p + 15. Suppose -p*f = -24 - 9. What is the tens digit of f?
1
Let k(v) = -v**3 + 3*v**2 + 9*v + 9. Let l be k(5). Suppose 220 = 2*b - 5*n + 2*n, 0 = -4*b - l*n + 480. What is the hundreds digit of b?
1
Suppose -2*c + 8104 = -5*r + 1330, 3*c = -5*r - 6789. What is the hundreds digit of ((-12)/(-8) + -2)*r/2?
3
Let a be (1 - 4/(-5))*(-160)/48. Let s(o) = 2*o + 8 - 5*o - 2*o**2 + 3*o**2 + o. What is the units digit of s(a)?
6
Let f be (18/27)/((-2)/(-15)). Suppose f*p - 5 = 0, -w - p + 3*p = -63. What is the units digit of w?
5
Let d(t) = -39*t - 3*t**3 + 2 + 39*t. Let k = -1 + -1. What is the units digit of d(k)?
6
What is the units digit of (-120)/14*(9 + (-275)/15)?
0
Let a(x) = 0*x**3 - x + 3 + x**3 + 0 + 9*x**2. Suppose 9*w = 12*w + 27. What is the units digit of a(w)?
2
Let q(c) = 365*c - 170. What is the units digit of q(3)?
5
Let b be 87*1*(-10)/(-30). Suppose 0 = 5*c + 4*p - b, -6*p = 2*c - 2*p - 14. What is the units digit of c?
5
Let h = -61 + 67. Suppose -40 = -2*s + 3*p, h*s + p = 2*s + 80. What is the units digit of s?
0
Let g be (-2)/3 + 464/12. Suppose -g - 244 = -2*p. What is the tens digit of p?
4
Let t = 72 + -67. Suppose -20 = -f - 3*z + z, 2*z = -t*f + 68. What is the units digit of f?
2
Let h(m) = -23*m**3 + 4*m**2 + 10*m + 34. What is the hundreds digit of h(-4)?
5
Let h be (-2)/3 - ((-22)/6 + 1). Suppose -3*g = h*g - 220. What is the units digit of g?
4
Suppose -2*f + 4*f = 0. Suppose 2*g + m - 13 = f, g + 4*m - 11 = -m. Suppose n - g = -0*n. What is the units digit of n?
6
Let b(a) = -54*a**3 - a - 1. Let o be b(-1). Let c = 25 - o. Let i = 46 + c. What is the units digit of i?
7
Suppose -3*o = -o + 82. Suppose 141 + 7 = -2*j. Let d = o - j. What is the tens digit of d?
3
Suppose 151*n = 160*n - 18855. What is the thousands digit of n?
2
Let b(w) = 25*w - 104. Let t be b(5). Suppose -4*u + r + 32 = 0, 2*u - r - 2*r = 6. Let p = u + t. What is the units digit of p?
0
Suppose -5*p = -5*t - 4775, 0 = p + 5*t - 8*t - 961. What is the tens digit of p?
5
Let c = -136 - -241. What is the tens digit of c?
0
Suppose -4*o - 18 = -o. Let f(t) = -t**3 - t**2 + t + 1. Let p(q) = 3*q**3 - 2*q**2 - 6. Let d(v) = -4*f(v) - p(v). What is the tens digit of d(o)?
2
Let p(y